e?
False
Is 5529860313 prime?
False
Is 359753731 a composite number?
False
Is 27107824421 prime?
False
Is 74103529 a composite number?
True
Is 6739687849 a composite number?
False
Is 5761654747 a composite number?
False
Is 364770879157 a prime number?
True
Is 7962074093 a composite number?
False
Is 1930134161 a prime number?
True
Is 3121398541 composite?
True
Is 66479089 prime?
True
Is 878788699 composite?
False
Is 5176731059 prime?
False
Is 17210989637 prime?
True
Is 37100237 composite?
True
Is 4167138109 prime?
True
Is 93189221 composite?
True
Is 28019867801 a composite number?
False
Is 3764892827 a composite number?
False
Is 1207631669 a prime number?
False
Is 18901774919 a composite number?
True
Is 882652157 composite?
False
Is 14242867729 prime?
True
Is 71158335639 prime?
False
Is 1374080147 a prime number?
False
Is 1134956479 prime?
True
Is 23058886603 prime?
True
Is 2387706773 composite?
False
Is 5059523883 a prime number?
False
Is 1924824533 prime?
True
Is 3761080619 composite?
True
Is 43538883 prime?
False
Is 3844408697 prime?
True
Is 237881543 a composite number?
True
Is 36498206083 composite?
True
Is 597045973 prime?
True
Is 2076366613 a prime number?
True
Is 1150513783 a composite number?
True
Is 1072879205 a prime number?
False
Is 5404523867 composite?
True
Is 462658039 a composite number?
False
Is 709915837 prime?
True
Is 21210706823 composite?
True
Is 37368148121 a composite number?
False
Is 392718133 prime?
False
Is 2680607471 composite?
False
Is 8980099961 prime?
False
Is 9561845881 a prime number?
False
Is 20264977967 composite?
True
Is 1674689722 prime?
False
Is 6585251 prime?
True
Is 385347647 composite?
False
Is 24995774593 a prime number?
True
Is 7195360217 composite?
False
Is 471886069 a composite number?
False
Is 49716906749 a composite number?
False
Is 5088759547 a prime number?
False
Is 5822593 a prime number?
False
Is 4346304761 prime?
True
Is 1961158097 a composite number?
True
Is 4326432577 prime?
True
Is 412419937 a composite number?
False
Is 245501596073 a prime number?
True
Is 26087756047 composite?
True
Is 35513519971 prime?
True
Is 1622197177 a prime number?
True
Is 540753737 a composite number?
True
Is 15332470163 a composite number?
True
Is 1536812273 prime?
True
Is 4353156977 a composite number?
True
Is 4295224211 composite?
True
Is 1662887797 prime?
True
Is 33729916171 prime?
False
Is 229840822993 a composite number?
False
Is 94513521955 a prime number?
False
Is 43633009549 composite?
False
Is 335179639 composite?
False
Is 28601382629 a prime number?
True
Is 904035439 composite?
False
Is 59114282411 a composite number?
False
Is 5901416459 a composite number?
False
Is 327792559739 prime?
True
Is 45026361811 a prime number?
False
Is 53658249493 prime?
False
Is 51630288691 prime?
True
Is 9879795703 a composite number?
False
Is 115536579523 prime?
True
Is 4185722701 composite?
True
Is 5838835669 a composite number?
True
Is 220950323 composite?
True
Is 1023705131 composite?
True
Is 198685471 prime?
True
Is 50653426199 composite?
True
Is 902657633 prime?
True
Is 1141529009 a prime number?
True
Is 502625209 a prime number?
False
Is 9416846951 a prime number?
False
Is 1168043077 a composite number?
False
Is 540501573 composite?
True
Is 28103059 prime?
False
Is 6082672151 composite?
True
Is 2816553749 prime?
False
Is 114954311 a composite number?
False
Is 169563109279 a composite number?
False
Is 497397959 composite?
False
Is 5151161 composite?
True
Is 1041573641 a prime number?
True
Is 1123450589 composite?
True
Is 1768578023 composite?
False
Is 17266619049 a prime number?
False
Is 666355891 a prime number?
True
Is 8326691539 a composite number?
True
Is 1329690983 a prime number?
False
Is 1351229171 prime?
True
Is 87418769 a prime number?
True
Is 2820012113 composite?
True
Is 2605817489 a composite number?
True
Is 101839343777 prime?
False
Is 14019471539 a prime number?
True
Is 11768836333 a composite number?
False
Is 618213247 a prime number?
True
Is 68517335591 a prime number?
True
Is 14284978819 a prime number?
True
Is 19914722011 composite?
True
Is 70139892183 prime?
False
Is 132017297 composite?
False
Is 224383099 a composite number?
False
Is 2274734369 a prime number?
True
Is 82435718201 composite?
False
Is 22484568363 prime?
False
Is 204128326903 prime?
False
Is 11283740839 prime?
False
Is 718641523 a composite number?
False
Is 3260796914 a composite number?
True
Is 3596414929 a prime number?
True
Is 44467829023 prime?
True
Is 2594189539 composite?
True
Is 14850244531 composite?
False
Is 11234975777 composite?
False
Is 5429552243 composite?
True
Is 27605480573 a prime number?
False
Is 44978231453 prime?
True
Is 2744260901 composite?
True
Is 330895282529 composite?
True
Is 42063537 a composite number?
True
Is 563937865 a prime number?
False
Is 848353377 prime?
False
Is 885442121 prime?
True
Is 15831954623 a composite number?
False
Is 5511887567 a composite number?
False
Is 123444037 prime?
True
Is 4108640587 composite?
False
Is 23814852511 a prime number?
False
Is 27115448483 a prime number?
False
Is 47186445353 a prime number?
False
Is 8957650649 a prime number?
True
Is 1428649871 a composite number?
True
Is 327756691 a composite number?
False
Is 2397932237 a composite number?
True
Is 55830494897 prime?
True
Is 4225374691 composite?
False
Is 5193606353 a prime number?
False
Is 64248211 a composite number?
True
Is 2368269409 a prime number?
False
Is 164984023 prime?
True
Is 12889939 a prime number?
True
Is 63688728205 a composite number?
True
Is 2580326653 prime?
False
Is 3761032097 prime?
True
Is 9839700719 a composite number?
False
Is 311669287 composite?
True
Is 35691987623 prime?
True
Is 961774379 a composite number?
True
Is 34378843 a prime number?
True
Is 1127594521 prime?
False
Is 71845618451 a prime number?
False
Is 323135467 prime?
False
Is 250377659 a prime number?
False
Is 26842597703 a composite number?
True
Is 154809955 prime?
False
Is 168219001 a prime number?
True
Is 567776173 a composite number?
True
Is 1192921001 a composite number?
False
Is 11980595941 composite?
False
Is 4705103659 a prime number?
True
Is 139035435653 a prime number?
True
Is 101122753 composite?
True
Is 7778410093 a composite number?
False
Is 223688851 a prime number?
True
Is 1044127291 prime?
True
Is 78208375037 a composite number?
True
Is 3621932549 a composite number?
False
Is 815620139 a prime number?
False
Is 4288879631 prime?
False
Is 7248957095 composite?
True
Is 657563857 a composite number?
True
Is 2762037997 a prime number?
True
Is 976181851 a prime number?
True
Is 541569487 a prime number?
True
Is 89629601 a prime number?
True
Is 914145779 composite?
True
Is 3306867073 a prime number?
True
Is 6838008143 a prime number?
False
Is 2893383919 composite?
False
Is 20696412507 composite?
True
Is 294712571 prime?
True
Is 5836646 prime?
False
Is 23803896701 a composite number?
True
Is 33452963431 a composite number?
False
Is 9590862649 prime?
True
Is 2965390783 a composite number?
True
Is 60573516649 prime?
True
Is 410972191 prime?
False
Is 14522049683 a prime number?
True
Is 268652957 composite?
True
Is 9658977599 prime?
True
Is 229689625553 prime?
True
Is 855511561 composite?
True
Is 71324203 a composite number?
False
Is 769603003 a composite number?
True
Is 113575034537 a prime number?
True
Is 678671027 composite?
False
Is 341870803 a prime number?
True
Is 1386393373 a composite number?
True
Is 727773133 a composite number?
True
Is 93545573 a prime number?
False
Is 10098400303 prime?
True
Is 112553677 a composite number?
False
Is 816372979 prime?
True
Is 2968376611 a prime number?
False
Is 3679956331 composite?
False
Is 2678061682 a prime number?
False
Is 28480938359 composite?
True
Is 837000431 composite?
False
Is 120324455 composite?
True
Is 3407364253 a prime number?
False
Is 3832335681 composite?
True
Is 3306881857 prime?
False
Is 17506788473 prime?
True
Is 1553910539 a composite number?
True
Is 151707041 a composite number?
True
Is 47106079507 a composite number?
False
Is 5365327897 a composite number?
True
Is 1074192101 prime?
True
Is 22899895595 composite?
True
Is 173393914781 composite?
True
Is 44784234659 composite?
False
Is 1200584167 a prime number?
True
Is 73845410831 composite?
False
Is 9401074039 a 